) = 2*a(l) + 5*q(l). Give w(j).
-1
Let j(n) be the first derivative of n**4/4 - 5*n**3/3 - 3*n**2 + 2*n - 3327. Calculate j(6).
2
Let k(j) = -16*j**2 - 6*j + 21. Let u(s) = 18*s**2 + 8*s - 23. Let v(x) = 7*k(x) + 6*u(x). Determine v(6).
-99
Let w(a) = -5*a + 31. Let m(r) = -r**3 + 18*r**2 - 66*r + 19. Let u be m(13). Calculate w(u).
1
Let q(r) = -r**2 - 7*r - 9. Let o be (-1)/(-3)*-1 + (-512)/(-24). Suppose 23 = 2*f + o. Suppose -7 + f = x. Determine q(x).
-3
Let i(o) = 367 - 13*o - 124 - 5*o**2 - 114 - 121. What is i(-6)?
-94
Let a(t) = t**3 + 14*t**2 + 3*t + 14. Let m = 3673 - 3687. Give a(m).
-28
Let p(c) = -44*c**3 - 77*c**2 + 45*c + 8. Let j(s) = -7*s**3 + s + 1. Let q(z) = -6*j(z) + p(z). Calculate q(-39).
2
Suppose 566*s - 561*s + 20 = 0. Let n(d) be the first derivative of d**2/2 + 8*d + 6. Give n(s).
4
Suppose 31 + 17 = -12*y. Let i(v) = -3*v**2 - 8*v - 1. Let b(j) = -j**2 - j. Let r(d) = -2*b(d) + i(d). Give r(y).
7
Let i(z) = -6*z**2 - 7*z + 7. Let u(v) = 5*v**2 + 6*v - 6. Let c(j) = 4*i(j) + 5*u(j). Let b be (438/66 + -7)*11. What is c(b)?
6
Suppose -32 - 80 = 14*m. Let f(h) be the first derivative of -h**3/3 - 7*h**2/2 + 15*h + 3. What is f(m)?
7
Let x be -2 - -2 - -3 - -9. Let f = x - 6. Let c(p) = p**2 - 3*p**2 + 4*p**2 - 3*p**2 + 4737*p - 4735*p + 7. Determine c(f).
-17
Let m(z) = -13*z - 683. Let u(r) = 3*r + 163. Let x(a) = -6*m(a) - 25*u(a). Give x(-11).
-10
Let w(l) = l**2 + 10*l + 19. Suppose 40*n + 408 - 88 = 0. Let g be w(n). Let c(o) = -o**3 + 5*o**2 - 3*o - 3. Determine c(g).
6
Let q(h) = 5*h - 3. Suppose 8*y = 14*y - 126. Suppose 60*t + y = 81*t. What is q(t)?
2
Let n(r) = -39*r - 65. Let y(a) = -119*a - 193. Let u(s) = -17*n(s) + 6*y(s). Let k be u(-1). Let o(j) = 3 + j + 0 - j**2 + j. Calculate o(k).
-5
Let q = 0 - 2. Let c(v) = -5 + 297*v + 305*v - 598*v + 5 + 0. Determine c(q).
-8
Let y be (((-75)/(-225))/(2/20))/(4/6). Let f(k) = -k**3 + 5*k**2 - 9*k + 2. Give f(y).
-43
Let u(w) = -4*w + 9. Let b(z) = 35. Let t(i) = b(i) - 2*u(i). Calculate t(-3).
-7
Let d(j) = -j**3 + 20*j**2 - 17*j - 34. Let l = -1029 + 1048. Calculate d(l).
4
Let k(o) = o**2 - 9*o + 10. Suppose 4*s - 22 = -12*u + 9*u, 3*u = s + 17. Let p be (-30)/(-4) - (-3)/u. Determine k(p).
2
Let m(t) = -3*t + 1. Let u(w) = -9*w + 30. Let v(f) = 14*m(f) - 2*u(f). Let c(l) = -7*l - 15. Let y(a) = 14*c(a) - 4*v(a). Determine y(-11).
-4
Let o be (-11 - -13 - -4)/(-1). Let j(c) = -3*c**2 - 19*c - 8. Determine j(o).
-2
Let t(f) = f**2 - 5*f - 6. Let o be 4 + (3 - -1) + -5. Suppose -c = -o*k + 13, -23 = -k + 4*c - 4. Suppose 4*n - 6*n = -2*h + 20, 15 = -k*n. What is t(h)?
-6
Let a(b) = 1058*b - 1061*b + 6 - 10 - 15 + b**2 + 0*b**2. Give a(-4).
9
Suppose 5*f = 5*h + 55, -3*f + 0 + 30 = -4*h. Let d = f + -8. Let z(o) be the third derivative of -o**5/60 + o**4/6 - 97*o**2. What is z(d)?
-12
Let l be (4/14)/(0 - 2/(-14)). Let j(i) = -5 - i**3 + 6 - 4*i**2 + 7*i + 7*i**l - 2*i**2. Give j(3).
4
Let p(n) = -n**2 - 337 - 3*n + 177 + 181. Let h be p(-7). Let r(i) = 3 - i**3 + 5 - 4*i - 2*i - 8*i**2. Give r(h).
1
Suppose 0 = 7*w - 33*w. Let p(v) be the second derivative of w*v**2 - 12*v + 0 - 1/6*v**4 - 2/3*v**3. What is p(-3)?
-6
Let y(w) = 0*w**3 - w**2 + 3*w**3 + w - 6*w**2 - 2 + 4*w**2. Suppose -80 + 10 = -7*i. Let g be (-10)/4*(-8)/i. What is y(g)?
12
Let o(w) = 16*w - 7. Let i(n) = -n**3 + 49*n**2 + 55*n - 248. Let u be i(50). What is o(u)?
25
Let b(v) = -v + 1. Let h be b(-3). Let r(k) be the second derivative of -5*k**3/6 + 13*k**2/2 - 325*k + 7. What is r(h)?
-7
Let a(f) = -4 - 3 + 1 + 3*f. Let y(b) = -b + 2. Let w(t) = -2*t**2 + 12*t - 7. Let l be w(6). Let n(x) = l*y(x) - 2*a(x). Determine n(5).
3
Let t(a) be the second derivative of a**3/6 - a**2/2 - 389*a + 3. What is t(8)?
7
Let g(u) = -5*u - 33. Let i be g(-7). Let k = 0 + 5. Let r(l) = -3*l + k - 3 - 4 + 11 - l**i. Calculate r(-7).
-19
Let p(c) = -3*c**2 + 11*c + 1. Let d(w) = -w**2 + w + 1. Let x(g) = 4*d(g) - p(g). Let i be x(-7). Let u(t) = 3 - 4*t - t**2 - t + i*t. Determine u(-4).
-5
Let n(v) = 10*v**3 - v + 1. Suppose -72 = -3*k + 7*b - 8*b, 3*k - 72 = 4*b. Let g be (9/36)/(6/k). What is n(g)?
10
Let o(x) = 3*x - 15 + 24 - 11 - 4. Suppose 6*f - 3 = -9. Let q be 25/(-5) + 9 - 0/f. What is o(q)?
6
Let q = 404 + -381. Suppose -5*x - 3*l + q + 2 = 0, l - 5 = 0. Let j(z) = 2*z**2 + 4*z - 4. Give j(x).
12
Let g(w) be the third derivative of -w**5/60 - 5*w**4/24 - 2*w**3 - 920*w**2. Give g(-6).
-18
Let z(r) = 4*r**2 + 58*r - 6*r**2 - 56*r. Let g be (-4 + 4/1)/2. Suppose 3*s - 4*t = -10, 4*s - s - 3*t + 6 = g. What is z(s)?
-4
Let b(o) be the first derivative of 11*o**3/3 + o**2/2 + 21. Suppose c + 20 = -4*c, 0 = -2*z - 4*c + 56. Suppose 3*p = 33 - z. Calculate b(p).
10
Let m(d) be the third derivative of d**6/40 + d**5/20 - 19*d**4/24 - 2*d**3/3 + 6190*d**2. What is m(3)?
47
Let z(b) = -7*b**3 + 5*b**2 + 29*b + 4. Let g(o) = 18*o**3 - 6*o**2 - 57*o - 6. Let d(t) = 2*g(t) + 5*z(t). Determine d(-10).
-2
Let x(v) = -5*v**2 - 15*v + 18. Let i be x(-12). Let c = i + 516. Let o(r) = r + 9. Determine o(c).
3
Let t(i) = 8*i - 8. Let f be 2/6 + 20/3. Let c(x) be the third derivative of 7*x**4/24 - 7*x**3/6 + 513*x**2. Let b(r) = f*c(r) - 6*t(r). Determine b(-6).
-7
Let z be 0 - 9/1 - -2. Let s = 335 + -310. Let m(g) = -7*g - 11 + s*g - 19*g + 2. Determine m(z).
-2
Let y(j) = -j**2 + 25. Suppose t = p + 4, -3*p + 11*t = 15*t + 26. What is y(p)?
-11
Suppose 811*g - 774*g = 68 + 6. Let b(d) be the third derivative of -1/12*d**4 + 0*d + 28*d**g - 7/6*d**3 + 0. Calculate b(-6).
5
Let d(v) = -5*v**3 - 6*v**2 - 11*v + 50. Let y(b) = -2*b**3 - 3*b**2 - 5*b + 23. Let c(u) = 6*d(u) - 13*y(u). What is c(2)?
-21
Let y(h) = h**2 - 11*h + 16. Let q be y(10). Suppose q*p = 2*p + 8. Let b(l) = l**p - 6*l + 2*l + 3*l - 5*l. Calculate b(7).
7
Suppose h + 7*h = 13*h + 11*h. Let n(o) = 134*o + 4. Determine n(h).
4
Let m(i) = -17*i - 224. Let j be m(-13). Let v be (j/(-2))/(30/(-140)). Let z(r) = -r**3 - 8*r**2 - r + 7. Determine z(v).
-35
Let q(b) = 50*b - 2 + 40*b - 91*b. Suppose 2*l + 40 = 6*l. Calculate q(l).
-12
Let u(p) = p**3 + p**2 - 4*p + 1. Suppose -54 = -5*n - n. Suppose -6 = 5*q + n. Let l be ((-3)/2)/(q/(-6)). Determine u(l).
-5
Let b(q) be the first derivative of -133 + 0*q**2 - 37/3*q**3 - q. Determine b(1).
-38
Let w(f) = 6*f - 12. Suppose -15*g = -20*g - 30. Let r(a) = -5*a + 10. Let o(l) = g*w(l) - 7*r(l). What is o(-6)?
8
Let m(n) = -3*n - 1. Suppose 125 = 5*u - 2*o, 4*u = 5*o + 65 + 52. Let v = -41 + u. Let g be -2 + 1 + v/(-6). What is m(g)?
-7
Let q(m) = m**3 + 4*m**2 + m + 5. Suppose 2*p + 155 + 74 = -3*v, -p - 109 = -4*v. Let h = p - -109. Calculate q(h).
1
Let o(w) = w**3 - w - 1. Suppose -42*s + 11*s + 82 = 10*s. Give o(s).
5
Let b(n) = -n + 10. Let s(i) = -i**3 - 36*i**2 - 9*i - 10. Let k(w) = -17*w**2 - 5*w - 5. Let m(u) = -5*k(u) + 2*s(u). Let a be m(7). What is b(a)?
5
Let v(t) = 17*t**3 - 30*t**2 + 16*t + 10. Let g(h) = 3*h**3 - 5*h**2 + 2*h - 1. Let r(a) = -6*g(a) + v(a). Determine r(-3).
31
Let h(o) = -2*o + 13. Let z(q) = -3*q + 20. Let l(m) = -8*h(m) + 5*z(m). Let n = -1012 + 1012. What is l(n)?
-4
Let q(a) = -a**2 + a - 3. Let f(b) = 4*b**2 - 4*b + 8. Suppose -41 = 3*s + 5*x, -s + 4*x - 5 = 2*s. Let h(k) = s*q(k) - 2*f(k). Give h(4).
-7
Suppose 4*m - 2*m = 102. Let w = -46 + m. Let o(h) = -3*h - 4*h**2 + 3*h**2 + 2 - 7 - w*h. Give o(-5).
10
Let y(z) = -2*z + 0 - 2 - 3. Suppose 4*o = -f + 60 + 184, 1148 = 5*f + 2*o. Suppose -232*n - 24 = -f*n. Give y(n).
7
Let c(k) be the third derivative of 0*k + 20*k**2 - 1/6*k**3 + 1/2*k**4 + 0 - 1/60*k**5. Let b be c(12). Let l(o) = 11*o. Give l(b).
-11
Let a(t) = -t - 7. Suppose 2*s - 3*p = 67, -4*p = 3*s - 32 - 77. Let u be (3/(-6) - s/(-30))*-6. Let i(n) = n + 8. Let o(d) = u*a(d) - 3*i(d). Determine o(-8).
-4
Let o(j) = -3*j**2 + 24*j - 18. Let t(r) = r**3 + 9*r**2 + 31*r + 286. Let y be t(-9). Determine o(y).
3
Let c(m) = 30 - 11*m**2 - 7*m - 14*m**2 - m**3 + 6*m**2 - 12*m - 1. Give c(-18).
47
Suppose 5*u - 11 = 5*g - 9*g, -3*u - 19 = -4*g. Suppose 24 = g*l - 4*m, 5 = -4*m + 1. Let q(a) = -4*a. Calculate q(l).
-20
Suppose 12*u + 3*w - 25 = 14*u, -5*u + w - 30 = 0. Let g(z) = -8*z**2 + 10*z + 3. Let q(x) = 2*x**2 - x - 1. Let c(i) = u*q(i) - g(i). Give c(-4